{"id":108,"date":"2016-05-13T06:18:48","date_gmt":"2016-05-13T06:18:48","guid":{"rendered":"https:\/\/custor-casteli.de\/?page_id=108"},"modified":"2023-01-16T21:42:19","modified_gmt":"2023-01-16T21:42:19","slug":"die-friesen","status":"publish","type":"page","link":"https:\/\/www.custor-casteli.de\/?page_id=108","title":{"rendered":"Die Friesen im Mittelalter"},"content":{"rendered":"<hr>\n<p>Hoi! Ich bin Hokke aus dem Stamme der Brokmer. Ich w\u00fcrde Euch gerne etwas \u00fcber die alten Friesen erz\u00e4hlen.<\/p>\n<p>Wir Friesen (Frisii, Frisiones, Frisones, in ihrer eignen Sprache Frisan) waren ein nordwest-germanischer Volksstamm, der w\u00e4hrend der R\u00f6mischen Kaiserzeit den R\u00f6mern bei ihren Einf\u00e4llen ins n\u00f6rdliche Magna Germania bekannt wurde. Wir wohnten an der Nordseek\u00fcste zwischen den M\u00fcndungen des Rheins, Ems und der Weser, also in den heutigen Niederlanden, Ostfriesland und Oldenburg, wo man noch in einzelnen Gegenden unsere Nachkommen findet.<\/p>\n<p><img fetchpriority=\"high\" decoding=\"async\" class=\" size-full wp-image-107\" src=\"https:\/\/custor-casteli.de\/wp-content\/uploads\/2016\/05\/Friesengebiet.jpg\" alt=\"\" width=\"900\" height=\"1121\" srcset=\"https:\/\/www.custor-casteli.de\/wp-content\/uploads\/2016\/05\/Friesengebiet.jpg 900w, https:\/\/www.custor-casteli.de\/wp-content\/uploads\/2016\/05\/Friesengebiet-241x300.jpg 241w, https:\/\/www.custor-casteli.de\/wp-content\/uploads\/2016\/05\/Friesengebiet-822x1024.jpg 822w, https:\/\/www.custor-casteli.de\/wp-content\/uploads\/2016\/05\/Friesengebiet-768x957.jpg 768w\" sizes=\"(max-width: 900px) 100vw, 900px\" \/><\/p>\n<p>Wir <b>Friesen<\/b> hatten schon immer unseren eigenen Kopf und kamen mit sog. Herrschern nie wirklich gut zurecht. Zur Zeit des Gro\u00dffriesischen Reiches kam es immer wieder zu Konflikten mit dem s\u00fcdlich gelegenen Frankenreich. Die Franken haben zuerst einfach nicht verstanden wie wichtig uns der Begriff Freiheit nun wirklich ist.<\/p>\n<p>W\u00e4hrend das Gro\u00dffriesische Reich unter K\u00f6nig Aldgisl noch weitestgehend in Frieden mit den Franken lebte, kam es unter Aldgisls Nachfolger Radbod immer wieder zu Auseinandersetzungen mit den Franken. Die Kriege wurden vor allem wegen der Kontrolle des Rhein-Maas-Deltas gef\u00fchrt, das von uns Friesen beherrscht wurde. In der Schlacht bei Dorestad, an den Ufern des Rheins, unterlag er dem Herrscher des Frankenreiches Pippin dem Mittleren und musste den westlichen Teil des Reiches an die Franken abtreten. In den fr\u00e4nkisch beherrschten Gebieten setzte ab 690 die Missionierung der heidnischen Friesen durch Willibrord ein.<\/p>\n<p>Nach dem Tod von Pippin dem Mittleren sammelte Radbod seine Truppen und eroberte 716 die zuvor verlorenen Gebiete in einer Schlacht gegen den fr\u00e4nkischen Hausmeier Karl Martell zur\u00fcck. Radbod starb 719 und sein Nachfolger wurde Poppo.<\/p>\n<p>Im Jahre 734 eroberte Karl Martell den westlichen Teil Frieslands, und der letzte Gesamtherzog der Friesen Poppo fiel in einem Kampf gegen einen fr\u00e4nkischen Adeligen. Diese gr\u00f6\u00dfte Ausbreitung des friesischen Territoriums ist bekannt als Frisia Magna. Das, was heute von der Frisia Magna \u00fcbriggeblieben ist, ist klein und verstreut. Das meiste ist von den sich ausbreitenden Nachbarn erobert worden, von den Sachsen, die in den Norden und Westen vordrangen und den Franken, die den Norden und Osten besetzten.<\/p>\n<p>Karl der Gro\u00dfe eroberte 785 nach dem Sieg \u00fcber die Sachsen ganz Friesland einschlie\u00dflich der \u00f6stlichen Gebiete bis zur Weser f\u00fcr das fr\u00e4nkische Reich. Er vertrat eine Politik, die den einzelnen St\u00e4mmen im Reich eine gewisse Autonomie sicherte. Aus diesem Grund lie\u00df er gegen Ende des 8. Jahrhunderts die \u00fcberlieferten germanischen Stammesgesetze aufzeichnen, so auch die Lex Frisionum, das alte Gesetz der Friesen.<\/p>\n<p>Auch wenn wir nun Teil des fr\u00e4nkischen Reichs waren, hatte Karl der Gro\u00dfe erkannt, dass er uns nur halten kann, wenn er uns unsere Freiheit l\u00e4sst.<\/p>\n","protected":false},"excerpt":{"rendered":"<p>Hoi! Ich bin Hokke aus dem Stamme der Brokmer. Ich w\u00fcrde Euch gerne etwas \u00fcber die alten Friesen erz\u00e4hlen. Wir Friesen (Frisii, Frisiones, Frisones, in ihrer eignen Sprache Frisan) waren ein nordwest-germanischer Volksstamm, der w\u00e4hrend der R\u00f6mischen Kaiserzeit den R\u00f6mern bei ihren Einf\u00e4llen ins n\u00f6rdliche Magna Germania bekannt wurde. Wir wohnten an der Nordseek\u00fcste zwischen &hellip; <a href=\"https:\/\/www.custor-casteli.de\/?page_id=108\" class=\"more-link\"><span class=\"screen-reader-text\">Die Friesen im Mittelalter<\/span> weiterlesen <span class=\"meta-nav\">&rarr;<\/span><\/a><\/p>\n","protected":false},"author":1,"featured_media":0,"parent":118,"menu_order":29,"comment_status":"closed","ping_status":"closed","template":"","meta":{"footnotes":""},"class_list":["post-108","page","type-page","status-publish","hentry"],"_links":{"self":[{"href":"https:\/\/www.custor-casteli.de\/index.php?rest_route=\/wp\/v2\/pages\/108"}],"collection":[{"href":"https:\/\/www.custor-casteli.de\/index.php?rest_route=\/wp\/v2\/pages"}],"about":[{"href":"https:\/\/www.custor-casteli.de\/index.php?rest_route=\/wp\/v2\/types\/page"}],"author":[{"embeddable":true,"href":"https:\/\/www.custor-casteli.de\/index.php?rest_route=\/wp\/v2\/users\/1"}],"replies":[{"embeddable":true,"href":"https:\/\/www.custor-casteli.de\/index.php?rest_route=%2Fwp%2Fv2%2Fcomments&post=108"}],"version-history":[{"count":3,"href":"https:\/\/www.custor-casteli.de\/index.php?rest_route=\/wp\/v2\/pages\/108\/revisions"}],"predecessor-version":[{"id":360,"href":"https:\/\/www.custor-casteli.de\/index.php?rest_route=\/wp\/v2\/pages\/108\/revisions\/360"}],"up":[{"embeddable":true,"href":"https:\/\/www.custor-casteli.de\/index.php?rest_route=\/wp\/v2\/pages\/118"}],"wp:attachment":[{"href":"https:\/\/www.custor-casteli.de\/index.php?rest_route=%2Fwp%2Fv2%2Fmedia&parent=108"}],"curies":[{"name":"wp","href":"https:\/\/api.w.org\/{rel}","templated":true}]}}