{"id":106,"date":"2016-05-13T06:18:48","date_gmt":"2016-05-13T06:18:48","guid":{"rendered":"https:\/\/custor-casteli.de\/?page_id=106"},"modified":"2023-01-16T21:48:42","modified_gmt":"2023-01-16T21:48:42","slug":"die-friesen-freiheit","status":"publish","type":"page","link":"https:\/\/www.custor-casteli.de\/?page_id=106","title":{"rendered":"Die Friesische Freiheit"},"content":{"rendered":"<hr>\n<p>Wenn uns jemals etwas wichtig war, dann unsere Freiheit. Oft waren wir uns untereinander wahrlich nicht eingig, aber wenn es um die friesiche Freiheit ging, waren die St\u00e4mme der Friesen immer vereint.<\/p>\n<p>Die Friesische Freiheit (friesisch Fryske frijheid) ist ein uns Friesen angeblich von Karl dem Gro\u00dfen verliehenes Recht, keinen Herren au\u00dfer dem Kaiser \u00fcber sich zu haben. Die friesische Sage berichtet von Liber Friso (= freier Friese) und seinen Weggef\u00e4hrten, die im 9. Jahrhundert siegreich aus Italien ins Land am Meer zur\u00fcckkehrten. In Rom h\u00e4tten wir Friesen vollkommen und unerwartet f\u00fcr ihren K\u00f6nig Karl die R\u00f6mer besiegt. Der K\u00f6nig sei begeistert gewesen, belohnte und beschenkte seine tapferen friesischen Krieger mit dem h\u00f6chsten Gut: Freiheit.<\/p>\n<p>Die moderne Geschichtsforschung schreibt die \u201eFriesische Freiheit\u201c heute Karl dem Dicken zu, danach verliehen im Jahre 885 infolge des Sieges \u00fcber die Normannen. Aus den Erfordernissen des Deichbaus und der Verteidigung gegen fremde M\u00e4chte organisierten sich die Friesen im Mittelalter genossenschaftlich in autonomen Landesgemeinden. W\u00e4hrend des Hochmittelalters begannen die Friesen, ihre \u201eFreiheit\u201c aktiv gegen ausw\u00e4rtige F\u00fcrsten zu verteidigen.<\/p>\n<p><img fetchpriority=\"high\" decoding=\"async\" class=\" size-full wp-image-105\" src=\"https:\/\/custor-casteli.de\/wp-content\/uploads\/2016\/05\/freiheit.png\" alt=\"\" width=\"400\" height=\"272\" srcset=\"https:\/\/www.custor-casteli.de\/wp-content\/uploads\/2016\/05\/freiheit.png 400w, https:\/\/www.custor-casteli.de\/wp-content\/uploads\/2016\/05\/freiheit-300x204.png 300w\" sizes=\"(max-width: 400px) 100vw, 400px\" \/><\/p>\n<p>Als um 800 die skandinavischen Wikinger das noch unter der Herrschaft der Karolinger stehende Friesland erstmals angriffen, wurden die Friesen vom Milit\u00e4rdienst auf fremden Territorien freigestellt, um sich gegen die heidnischen Wikinger verteidigen zu k\u00f6nnen. Mit dem Sieg in der Schlacht bei Norditi im Jahr 884 gelang zwar tats\u00e4chlich die dauerhafte Vertreibung der Wikinger aus Ostfriesland, diese blieben aber eine stete Bedrohung. \u00dcber Jahrhunderte, w\u00e4hrend in Europa die Feudalherren regierten, konnten sich in Friesland keine adeligen Strukturen durchsetzen. Nach au\u00dfen hin vertreten wurde diese \u201eFreiheit\u201c von Redjeven, aus der Schicht der Gro\u00dfbauern \u201egew\u00e4hlten\u201c bzw. ausgew\u00e4hlten Vertretern der autonomen Landesgemeinden. Urspr\u00fcnglich waren die Redjeven ausschlie\u00dflich Richter, sog. Asega, die von den Grundherren eingesetzt wurden.<\/p>\n<p>In Ostfriesland gilt noch heute der Gru\u00dfspruch: \u201eEala Frya Fresena \u2013 Seid gegr\u00fc\u00dft ihr freien Friesen\u201c.<\/p>\n","protected":false},"excerpt":{"rendered":"<p>Wenn uns jemals etwas wichtig war, dann unsere Freiheit. Oft waren wir uns untereinander wahrlich nicht eingig, aber wenn es um die friesiche Freiheit ging, waren die St\u00e4mme der Friesen immer vereint. Die Friesische Freiheit (friesisch Fryske frijheid) ist ein uns Friesen angeblich von Karl dem Gro\u00dfen verliehenes Recht, keinen Herren au\u00dfer dem Kaiser \u00fcber &hellip; <a href=\"https:\/\/www.custor-casteli.de\/?page_id=106\" class=\"more-link\"><span class=\"screen-reader-text\">Die Friesische Freiheit<\/span> weiterlesen <span class=\"meta-nav\">&rarr;<\/span><\/a><\/p>\n","protected":false},"author":1,"featured_media":0,"parent":108,"menu_order":30,"comment_status":"closed","ping_status":"closed","template":"","meta":{"footnotes":""},"class_list":["post-106","page","type-page","status-publish","hentry"],"_links":{"self":[{"href":"https:\/\/www.custor-casteli.de\/index.php?rest_route=\/wp\/v2\/pages\/106"}],"collection":[{"href":"https:\/\/www.custor-casteli.de\/index.php?rest_route=\/wp\/v2\/pages"}],"about":[{"href":"https:\/\/www.custor-casteli.de\/index.php?rest_route=\/wp\/v2\/types\/page"}],"author":[{"embeddable":true,"href":"https:\/\/www.custor-casteli.de\/index.php?rest_route=\/wp\/v2\/users\/1"}],"replies":[{"embeddable":true,"href":"https:\/\/www.custor-casteli.de\/index.php?rest_route=%2Fwp%2Fv2%2Fcomments&post=106"}],"version-history":[{"count":3,"href":"https:\/\/www.custor-casteli.de\/index.php?rest_route=\/wp\/v2\/pages\/106\/revisions"}],"predecessor-version":[{"id":364,"href":"https:\/\/www.custor-casteli.de\/index.php?rest_route=\/wp\/v2\/pages\/106\/revisions\/364"}],"up":[{"embeddable":true,"href":"https:\/\/www.custor-casteli.de\/index.php?rest_route=\/wp\/v2\/pages\/108"}],"wp:attachment":[{"href":"https:\/\/www.custor-casteli.de\/index.php?rest_route=%2Fwp%2Fv2%2Fmedia&parent=106"}],"curies":[{"name":"wp","href":"https:\/\/api.w.org\/{rel}","templated":true}]}}

<hr>
<p>Wenn uns jemals etwas wichtig war, dann unsere Freiheit. Oft waren wir uns untereinander wahrlich nicht eingig, aber wenn es um die friesiche Freiheit ging, waren die Stämme der Friesen immer vereint.</p>
<p>Die Friesische Freiheit (friesisch Fryske frijheid) ist ein uns Friesen angeblich von Karl dem Großen verliehenes Recht, keinen Herren außer dem Kaiser über sich zu haben. Die friesische Sage berichtet von Liber Friso (= freier Friese) und seinen Weggefährten, die im 9. Jahrhundert siegreich aus Italien ins Land am Meer zurückkehrten. In Rom hätten wir Friesen vollkommen und unerwartet für ihren König Karl die Römer besiegt. Der König sei begeistert gewesen, belohnte und beschenkte seine tapferen friesischen Krieger mit dem höchsten Gut: Freiheit.</p>
<p>Die moderne Geschichtsforschung schreibt die „Friesische Freiheit“ heute Karl dem Dicken zu, danach verliehen im Jahre 885 infolge des Sieges über die Normannen. Aus den Erfordernissen des Deichbaus und der Verteidigung gegen fremde Mächte organisierten sich die Friesen im Mittelalter genossenschaftlich in autonomen Landesgemeinden. Während des Hochmittelalters begannen die Friesen, ihre „Freiheit“ aktiv gegen auswärtige Fürsten zu verteidigen.</p>
<p><img fetchpriority="high" decoding="async" class=" size-full wp-image-105" src="https://custor-casteli.de/wp-content/uploads/2016/05/freiheit.png" alt="" width="400" height="272" srcset="https://www.custor-casteli.de/wp-content/uploads/2016/05/freiheit.png 400w, https://www.custor-casteli.de/wp-content/uploads/2016/05/freiheit-300x204.png 300w" sizes="(max-width: 400px) 100vw, 400px" /></p>
<p>Als um 800 die skandinavischen Wikinger das noch unter der Herrschaft der Karolinger stehende Friesland erstmals angriffen, wurden die Friesen vom Militärdienst auf fremden Territorien freigestellt, um sich gegen die heidnischen Wikinger verteidigen zu können. Mit dem Sieg in der Schlacht bei Norditi im Jahr 884 gelang zwar tatsächlich die dauerhafte Vertreibung der Wikinger aus Ostfriesland, diese blieben aber eine stete Bedrohung. Über Jahrhunderte, während in Europa die Feudalherren regierten, konnten sich in Friesland keine adeligen Strukturen durchsetzen. Nach außen hin vertreten wurde diese „Freiheit“ von Redjeven, aus der Schicht der Großbauern „gewählten“ bzw. ausgewählten Vertretern der autonomen Landesgemeinden. Ursprünglich waren die Redjeven ausschließlich Richter, sog. Asega, die von den Grundherren eingesetzt wurden.</p>
<p>In Ostfriesland gilt noch heute der Grußspruch: „Eala Frya Fresena – Seid gegrüßt ihr freien Friesen“.</p>

<p>Wenn uns jemals etwas wichtig war, dann unsere Freiheit. Oft waren wir uns untereinander wahrlich nicht eingig, aber wenn es um die friesiche Freiheit ging, waren die Stämme der Friesen immer vereint. Die Friesische Freiheit (friesisch Fryske frijheid) ist ein uns Friesen angeblich von Karl dem Großen verliehenes Recht, keinen Herren außer dem Kaiser über &hellip; <a href="https://www.custor-casteli.de/?page_id=106" class="more-link"><span class="screen-reader-text">Die Friesische Freiheit</span> weiterlesen <span class="meta-nav">&rarr;</span></a></p>
